the remainder when 49912029 is divided by 610?
609
Calculate the remainder when 467789 is divided by 1827.
77
What is the remainder when 402517 is divided by 7313?
302
What is the remainder when 3515103 is divided by 303?
0
Calculate the remainder when 109732322 is divided by 10715.
7
What is the remainder when 12365 is divided by 1742?
171
Calculate the remainder when 6977281 is divided by 4805.
421
Calculate the remainder when 65754929 is divided by 9393561.
2
What is the remainder when 119122684 is divided by 11?
10
Calculate the remainder when 118146854 is divided by 7757.
7744
What is the remainder when 148062 is divided by 49305?
147
Calculate the remainder when 2774239 is divided by 160.
159
What is the remainder when 102606012 is divided by 7350?
12
What is the remainder when 19090411 is divided by 1174?
1171
Calculate the remainder when 5397067 is divided by 83.
75
Calculate the remainder when 248146 is divided by 3653.
3395
What is the remainder when 235027 is divided by 1145?
302
Calculate the remainder when 10581588 is divided by 158.
12
What is the remainder when 2446047 is divided by 14?
9
What is the remainder when 585572 is divided by 1541?
1533
Calculate the remainder when 1978413 is divided by 2645.
2598
What is the remainder when 691393 is divided by 691197?
196
Calculate the remainder when 41590 is divided by 20041.
1508
Calculate the remainder when 644980 is divided by 187.
17
What is the remainder when 255889 is divided by 602?
39
Calculate the remainder when 3863782 is divided by 12150.
82
What is the remainder when 31651153 is divided by 233?
200
What is the remainder when 2786530 is divided by 1622?
1556
Calculate the remainder when 2356896 is divided by 31009.
212
What is the remainder when 3238113 is divided by 31?
8
What is the remainder when 2740132 is divided by 130479?
73
Calculate the remainder when 2409516 is divided by 104761.
13
Calculate the remainder when 2468596 is divided by 34.
26
What is the remainder when 1113686 is divided by 556838?
10
What is the remainder when 12739878 is divided by 85?
78
What is the remainder when 28989015 is divided by 239?
227
Calculate the remainder when 5229740 is divided by 34.
30
What is the remainder when 674568 is divided by 9240?
48
What is the remainder when 564492 is divided by 51304?
148
Calculate the remainder when 3190235 is divided by 343.
335
What is the remainder when 10268040 is divided by 438?
6
Calculate the remainder when 2276254 is divided by 393.
391
Calculate the remainder when 5795246 is divided by 233.
70
What is the remainder when 286240 is divided by 57248?
0
What is the remainder when 107577 is divided by 170?
137
What is the remainder when 7888832 is divided by 53?
47
What is the remainder when 163006 is divided by 5423?
316
Calculate the remainder when 106136 is divided by 542.
446
What is the remainder when 51890 is divided by 5?
0
Calculate the remainder when 2598236 is divided by 44.
36
What is the remainder when 147923012 is divided by 11831?
19
What is the remainder when 6397382 is divided by 5940?
2
Calculate the remainder when 4957028 is divided by 215515.
183
What is the remainder when 9814476 is divided by 132628?
4
Calculate the remainder when 339912 is divided by 69.
18
Calculate the remainder when 111936 is divided by 3191.
251
What is the remainder when 3973 is divided by 617?
271
Calculate the remainder when 5061389 is divided by 826.
487
Calculate the remainder when 277826 is divided by 1190.
556
Calculate the remainder when 83690 is divided by 1073.
1069
What is the remainder when 265514 is divided by 87929?
1727
Calculate the remainder when 353923387 is divided by 2151.
2149
Calculate the remainder when 1058142 is divided by 65895.
3822
What is the remainder when 139069 is divided by 10674?
307
What is the remainder when 1214745 is divided by 651?
630
Calculate the remainder when 7380620 is divided by 1054368.
44
Calculate the remainder when 205469 is divided by 33.
11
Calculate the remainder when 9762572 is divided by 16603.
8
What is the remainder when 15249306 is divided by 1932?
30
What is the remainder when 19877099 is divided by 267?
17
What is the remainder when 138732 is divided by 85?
12
What is the remainder when 252761 is divided by 1511?
424
What is the remainder when 1998212 is divided by 1068?
1052
Calculate the remainder when 37981 is divided by 381.
262
What is the remainder when 197332 is divided by 461?
24
Calculate the remainder when 83630 is divided by 796.
50
What is the remainder when 189246 is divided by 9958?
44
What is the remainder when 9381 is divided by 454?
301
Calculate the remainder when 4999963 is divided by 152.
75
Calculate the remainder when 1379952 is divided by 56.
0
Calculate the remainder when 14881 is divided by 1227.
157
Calculate the remainder when 4689396 is divided by 43.
31
What is the remainder when 444353 is divided by 6943?
1
Calculate the remainder when 7393 is divided by 880.
353
What is the remainder when 1270119 is divided by 3588?
3555
Calculate the remainder when 46928 is divided by 82.
24
What is the remainder when 19944780 is divided by 1508?
1480
Calculate the remainder when 1418910 is divided by 1902.
18
What is the remainder when 8577375 is divided by 22?
15
Calculate the remainder when 62669 is divided by 62572.
97
Calculate the remainder when 115107 is divided by 19133.
309
What is the remainder when 292228 is divided by 17093?
1647
What is the remainder when 599845 is divided by 599383?
462
Calculate the remainder when 50712 is divided by 50698.
14
What is the remainder when 169929 is divided by 2235?
69
Calculate the remainder when 46126082 is divided by 509.
502
Calculate the remainder when 33252 is divided by 2743.
336
What is the remainder when 37496386 is divided by 131?
125
Calculate the remainder when 86990838 is divided by 988532.
22
What is the remainder when 96090548 is divided by 41?
37
What is the remainder when 89241355 is divided by 624?
619
What is the remainder when 37112410 is divided by 160?
90
Calculate the remainder when 86140 is divided by 3070.
180
Calculate the remainder when 5454257 is divided by 17315.
32
What is the remainder when 297432 is divided by 59389?
487
Calculate the remainder when 198960639 is divided by 160.
159
What is the remainder when 45930 is divided by 15287?
69
Calculate the remainder when 7152612 is divided by 92891.
5
Calculate the remainder when 3455730 is divided by 26.
18
What is the remainder when 691813 is divided by 416?
5
Calculate the remainder when 68720353 is divided by 99.
97
What is the remainder when 22800244 is divided by 79721?
38
Calculate the remainder when 20193 is divided by 19425.
768
Calculate the remainder when 4609524 is divided by 1152335.
184
Calculate the remainder when 366069 is divided by 5904.
21
Calculate the remainder when 661722 is divided by 6818.
376
What is the remainder when 4242255 is divided by 242?
237
Calculate the remainder when 123954 is divided by 61924.
106
What is the remainder when 1009190 is divided by 10736?
6
Calculate the remainder when 838352 is divided by 233.
18
What is the remainder when 457212 is divided by 8461?
318
Calculate the remainder when 74663 is divided by 312.
95
What is the remainder when 3074165 is divided by 47?
36
What is the remainder when 365943 is divided by 365913?
30
Calculate the remainder when 53782053 is divided by 389725.
3
Calculate the remainder when 4728134 is divided by 115320.
14
What is the remainder when 380949 is divided by 1766?
1259
Calculate the remainder when 882529 is divided by 80141.
978
Calculate the remainder when 27742 is divided by 22580.
5162
Calculate the remainder when 11246 is divided by 7098.
4148
What is the remainder when 3522013 is divided by 8229?
1
What is the remainder when 18911324 is divided by 2363902?
108
What is the remainder when 578565 is divided by 1873?
1681
Calculate the remainder when 75504 is divided by 9386.
416
Calculate the remainder when 456816 is divided by 228180.
456
What is the remainder when 410093242 is divided by 1683?
1681
Calculate the remainder when 190886 is divided by 5016.
278
What is the remainder when 204592 is divided by 4175?
17
What is the remainder when 9043 is divided by 8737?
306